{"id":329,"date":"2025-09-07T22:04:24","date_gmt":"2025-09-07T20:04:24","guid":{"rendered":"https:\/\/camoucho.com\/wordpress\/?page_id=329"},"modified":"2025-09-14T21:51:18","modified_gmt":"2025-09-14T19:51:18","slug":"prise-de-masse-musculaire-en-forme-physique","status":"publish","type":"page","link":"https:\/\/camoucho.com\/wordpress\/prise-de-masse-musculaire-en-forme-physique\/","title":{"rendered":"Prise de masse musculaire en forme physique"},"content":{"rendered":"<p>[et_pb_section fb_built=\u00a0\u00bb1&Prime; _builder_version=\u00a0\u00bb4.23.3&Prime; _module_preset=\u00a0\u00bbdefault\u00a0\u00bb background_color=\u00a0\u00bbgcid-85923dc0-ab2b-4fe4-8494-3604e8126ba4&Prime; background_enable_mask_style=\u00a0\u00bbon\u00a0\u00bb background_mask_style=\u00a0\u00bbdiagonal-pills\u00a0\u00bb global_colors_info=\u00a0\u00bb{%22gcid-85923dc0-ab2b-4fe4-8494-3604e8126ba4%22:%91%22background_color%22%93}\u00a0\u00bb][et_pb_row column_structure=\u00a0\u00bb1_2,1_2&Prime; _builder_version=\u00a0\u00bb4.23.3&Prime; _module_preset=\u00a0\u00bbdefault\u00a0\u00bb global_colors_info=\u00a0\u00bb{}\u00a0\u00bb][et_pb_column type=\u00a0\u00bb1_2&Prime; _builder_version=\u00a0\u00bb4.23.3&Prime; _module_preset=\u00a0\u00bbdefault\u00a0\u00bb global_colors_info=\u00a0\u00bb{}\u00a0\u00bb][et_pb_text _builder_version=\u00a0\u00bb4.23.3&Prime; _module_preset=\u00a0\u00bbdefault\u00a0\u00bb text_font=\u00a0\u00bbRoboto Flex||||||||\u00a0\u00bb text_text_color=\u00a0\u00bbgcid-685bc947-8422-49c2-8218-9288d2ad3cb4&Prime; text_font_size=\u00a0\u00bb32px\u00a0\u00bb text_line_height=\u00a0\u00bb1.75em\u00a0\u00bb custom_margin=\u00a0\u00bb||6px|||\u00a0\u00bb global_colors_info=\u00a0\u00bb{%22gcid-685bc947-8422-49c2-8218-9288d2ad3cb4%22:%91%22text_text_color%22%93}\u00a0\u00bb]<\/p>\n<p><em><strong>Prise de masse musculaire en forme physique<\/strong><\/em><\/p>\n<p>[\/et_pb_text][et_pb_text _builder_version=\u00a0\u00bb4.23.3&Prime; _module_preset=\u00a0\u00bbdefault\u00a0\u00bb global_colors_info=\u00a0\u00bb{}\u00a0\u00bb]<\/p>\n<p>D\u00e9veloppe ta masse musculaire et sculpte ton physique avec Camoucho, Coach sportif, nutritionnel,\u00a0d\u00e9veloppement personnel et mental en r\u00e9gion Bordelaise.<\/p>\n<p>[\/et_pb_text][et_pb_text _builder_version=\u00a0\u00bb4.23.3&Prime; _module_preset=\u00a0\u00bbdefault\u00a0\u00bb global_colors_info=\u00a0\u00bb{}\u00a0\u00bb]<\/p>\n<p data-start=\"155\" data-end=\"288\"><strong data-start=\"155\" data-end=\"252\">T\u00e9l\u00e9charge gratuitement ton guide complet pour transformer ton corps et am\u00e9liorer ta vie.\u00a0<\/strong><br data-start=\"252\" data-end=\"255\" \/>\u00c0 l\u2019int\u00e9rieur, tu d\u00e9couvriras :<\/p>\n<ul data-start=\"290\" data-end=\"576\">\n<li data-start=\"290\" data-end=\"368\">\n<p data-start=\"292\" data-end=\"368\">Des exercices cibl\u00e9s pour d\u00e9velopper force, masse musculaire et endurance.<\/p>\n<\/li>\n<li data-start=\"369\" data-end=\"469\">\n<p data-start=\"371\" data-end=\"469\">Des conseils alimentaires simples pour favoriser la perte de graisse et optimiser tes r\u00e9sultats.<\/p>\n<\/li>\n<li data-start=\"470\" data-end=\"576\">\n<p data-start=\"472\" data-end=\"576\">Un programme efficace avec seulement 2 \u00e0 3 s\u00e9ances d\u2019une heure par semaine, adapt\u00e9 \u00e0 tous les niveaux.<\/p>\n<\/li>\n<\/ul>\n<p data-start=\"578\" data-end=\"782\"><strong data-start=\"578\" data-end=\"780\">Prends d\u00e8s aujourd\u2019hui le contr\u00f4le de ton \u00e9volution et construis un corps sain et naturel : sans dopage, puissant, athl\u00e9tique, esth\u00e9tique et fonctionnel. Pour une forme optimale au quotidien et une pr\u00e9paration physique id\u00e9ale \u00e0 tous les sports.<\/strong><\/p>\n<p>[\/et_pb_text][et_pb_button button_url=\u00a0\u00bb@ET-DC@eyJkeW5hbWljIjp0cnVlLCJjb250ZW50IjoicG9zdF9saW5rX3VybF9hdHRhY2htZW50Iiwic2V0dGluZ3MiOnsicG9zdF9pZCI6IjM1OCJ9fQ==@\u00a0\u00bb url_new_window=\u00a0\u00bbon\u00a0\u00bb button_text=\u00a0\u00bbT\u00c9L\u00c9CHARGE TON PDF GRATUIT\u00a0\u00bb button_alignment=\u00a0\u00bbcenter\u00a0\u00bb _builder_version=\u00a0\u00bb4.23.3&Prime; _dynamic_attributes=\u00a0\u00bbbutton_url\u00a0\u00bb _module_preset=\u00a0\u00bbdefault\u00a0\u00bb custom_button=\u00a0\u00bbon\u00a0\u00bb button_text_color=\u00a0\u00bb#FFFFFF\u00a0\u00bb button_bg_color=\u00a0\u00bbgcid-4b579e42-63c6-49ec-b5a5-4af2f935a948&Prime; global_colors_info=\u00a0\u00bb{%22gcid-4b579e42-63c6-49ec-b5a5-4af2f935a948%22:%91%22button_bg_color%22%93}\u00a0\u00bb][\/et_pb_button][\/et_pb_column][et_pb_column type=\u00a0\u00bb1_2&Prime; _builder_version=\u00a0\u00bb4.23.3&Prime; _module_preset=\u00a0\u00bbdefault\u00a0\u00bb global_colors_info=\u00a0\u00bb{}\u00a0\u00bb][et_pb_image src=\u00a0\u00bbhttps:\/\/camoucho.com\/wordpress\/wp-content\/uploads\/2025\/09\/Capture_d_ecran_2025-09-05_a_13.13.46-removebg-preview.png\u00a0\u00bb title_text=\u00a0\u00bbCapture_d_\u00e9cran_2025-09-05_\u00e0_13.13.46-removebg-preview\u00a0\u00bb _builder_version=\u00a0\u00bb4.23.3&Prime; _module_preset=\u00a0\u00bbdefault\u00a0\u00bb global_colors_info=\u00a0\u00bb{}\u00a0\u00bb][\/et_pb_image][\/et_pb_column][\/et_pb_row][et_pb_row _builder_version=\u00a0\u00bb4.23.3&Prime; _module_preset=\u00a0\u00bbdefault\u00a0\u00bb custom_padding=\u00a0\u00bb16px|||||\u00a0\u00bb global_colors_info=\u00a0\u00bb{}\u00a0\u00bb][et_pb_column type=\u00a0\u00bb4_4&Prime; _builder_version=\u00a0\u00bb4.23.3&Prime; _module_preset=\u00a0\u00bbdefault\u00a0\u00bb global_colors_info=\u00a0\u00bb{}\u00a0\u00bb][et_pb_text _builder_version=\u00a0\u00bb4.23.3&Prime; _module_preset=\u00a0\u00bbdefault\u00a0\u00bb text_text_color=\u00a0\u00bbgcid-4b579e42-63c6-49ec-b5a5-4af2f935a948&Prime; text_font_size=\u00a0\u00bb30px\u00a0\u00bb text_line_height=\u00a0\u00bb1.75em\u00a0\u00bb text_orientation=\u00a0\u00bbcenter\u00a0\u00bb hover_enabled=\u00a0\u00bb0&Prime; global_colors_info=\u00a0\u00bb{%22gcid-4b579e42-63c6-49ec-b5a5-4af2f935a948%22:%91%22text_text_color%22%93}\u00a0\u00bb sticky_enabled=\u00a0\u00bb0&Prime;]<\/p>\n<p><span>Toi aussi, tu veux un corps puissant, muscl\u00e9, esth\u00e9tique, athl\u00e9tique et fonctionnel de fa\u00e7on saine ?<\/span><\/p>\n<p>Contacte-moi d\u00e8s maintenant !<\/p>\n<p>[\/et_pb_text][et_pb_button button_url=\u00a0\u00bbhttps:\/\/camoucho.com\/wordpress\/contact\/\u00a0\u00bb url_new_window=\u00a0\u00bbon\u00a0\u00bb button_text=\u00a0\u00bbCONTACTE MOI\u00a0\u00bb button_alignment=\u00a0\u00bbcenter\u00a0\u00bb _builder_version=\u00a0\u00bb4.23.3&Prime; _module_preset=\u00a0\u00bbdefault\u00a0\u00bb global_colors_info=\u00a0\u00bb{}\u00a0\u00bb][\/et_pb_button][\/et_pb_column][\/et_pb_row][et_pb_row _builder_version=\u00a0\u00bb4.23.3&Prime; _module_preset=\u00a0\u00bbdefault\u00a0\u00bb global_colors_info=\u00a0\u00bb{}\u00a0\u00bb][et_pb_column type=\u00a0\u00bb4_4&Prime; _builder_version=\u00a0\u00bb4.23.3&Prime; _module_preset=\u00a0\u00bbdefault\u00a0\u00bb global_colors_info=\u00a0\u00bb{}\u00a0\u00bb][et_pb_image src=\u00a0\u00bbhttps:\/\/camoucho.com\/wordpress\/wp-content\/uploads\/2025\/09\/cropped-logo-1.jpg\u00a0\u00bb title_text=\u00a0\u00bbcropped-logo-1.jpg\u00a0\u00bb align=\u00a0\u00bbcenter\u00a0\u00bb _builder_version=\u00a0\u00bb4.23.3&Prime; _module_preset=\u00a0\u00bbdefault\u00a0\u00bb height=\u00a0\u00bb300px\u00a0\u00bb border_radii=\u00a0\u00bbon|20px|20px|20px|20px\u00a0\u00bb global_colors_info=\u00a0\u00bb{}\u00a0\u00bb][\/et_pb_image][\/et_pb_column][\/et_pb_row][\/et_pb_section]<\/p>\n","protected":false},"excerpt":{"rendered":"<p>Prise de masse musculaire en forme physiqueD\u00e9veloppe ta masse musculaire et sculpte ton physique avec Camoucho, Coach sportif, nutritionnel,\u00a0d\u00e9veloppement personnel et mental en r\u00e9gion Bordelaise.T\u00e9l\u00e9charge gratuitement ton guide complet pour transformer ton corps et am\u00e9liorer ta vie.\u00a0\u00c0 l\u2019int\u00e9rieur, tu d\u00e9couvriras : Des exercices cibl\u00e9s pour d\u00e9velopper force, masse musculaire et endurance. Des conseils alimentaires simples [&hellip;]<\/p>\n","protected":false},"author":3,"featured_media":0,"parent":0,"menu_order":0,"comment_status":"closed","ping_status":"closed","template":"","meta":{"_et_pb_use_builder":"on","_et_pb_old_content":"","_et_gb_content_width":"","footnotes":""},"dipi_cpt_category":[],"class_list":["post-329","page","type-page","status-publish","hentry"],"yoast_head":"<!-- This site is optimized with the Yoast SEO plugin v25.9 - https:\/\/yoast.com\/wordpress\/plugins\/seo\/ -->\n<title>Prise de masse musculaire en forme physique - Camoucho<\/title>\n<meta name=\"description\" content=\"Atteignez vos objectifs de prise de masse musculaire avec Fabrice Camou, coach personnel en r\u00e9gion bordelaise.\" \/>\n<meta name=\"robots\" content=\"index, follow, max-snippet:-1, max-image-preview:large, max-video-preview:-1\" \/>\n<link rel=\"canonical\" href=\"https:\/\/camoucho.com\/wordpress\/prise-de-masse-musculaire-en-forme-physique\/\" \/>\n<meta property=\"og:locale\" content=\"fr_FR\" \/>\n<meta property=\"og:type\" content=\"article\" \/>\n<meta property=\"og:title\" content=\"Prise de masse musculaire en forme physique - Camoucho\" \/>\n<meta property=\"og:description\" content=\"Atteignez vos objectifs de prise de masse musculaire avec Fabrice Camou, coach personnel en r\u00e9gion bordelaise.\" \/>\n<meta property=\"og:url\" content=\"https:\/\/camoucho.com\/wordpress\/prise-de-masse-musculaire-en-forme-physique\/\" \/>\n<meta property=\"og:site_name\" content=\"Camoucho\" \/>\n<meta property=\"article:modified_time\" content=\"2025-09-14T19:51:18+00:00\" \/>\n<meta name=\"twitter:card\" content=\"summary_large_image\" \/>\n<meta name=\"twitter:label1\" content=\"Dur\u00e9e de lecture estim\u00e9e\" \/>\n\t<meta name=\"twitter:data1\" content=\"2 minutes\" \/>\n<script type=\"application\/ld+json\" class=\"yoast-schema-graph\">{\"@context\":\"https:\/\/schema.org\",\"@graph\":[{\"@type\":\"WebPage\",\"@id\":\"https:\/\/camoucho.com\/wordpress\/prise-de-masse-musculaire-en-forme-physique\/\",\"url\":\"https:\/\/camoucho.com\/wordpress\/prise-de-masse-musculaire-en-forme-physique\/\",\"name\":\"Prise de masse musculaire en forme physique - Camoucho\",\"isPartOf\":{\"@id\":\"https:\/\/camoucho.com\/wordpress\/#website\"},\"datePublished\":\"2025-09-07T20:04:24+00:00\",\"dateModified\":\"2025-09-14T19:51:18+00:00\",\"description\":\"Atteignez vos objectifs de prise de masse musculaire avec Fabrice Camou, coach personnel en r\u00e9gion bordelaise.\",\"breadcrumb\":{\"@id\":\"https:\/\/camoucho.com\/wordpress\/prise-de-masse-musculaire-en-forme-physique\/#breadcrumb\"},\"inLanguage\":\"fr-FR\",\"potentialAction\":[{\"@type\":\"ReadAction\",\"target\":[\"https:\/\/camoucho.com\/wordpress\/prise-de-masse-musculaire-en-forme-physique\/\"]}]},{\"@type\":\"BreadcrumbList\",\"@id\":\"https:\/\/camoucho.com\/wordpress\/prise-de-masse-musculaire-en-forme-physique\/#breadcrumb\",\"itemListElement\":[{\"@type\":\"ListItem\",\"position\":1,\"name\":\"Accueil\",\"item\":\"https:\/\/camoucho.com\/wordpress\/\"},{\"@type\":\"ListItem\",\"position\":2,\"name\":\"Prise de masse musculaire en forme physique\"}]},{\"@type\":\"WebSite\",\"@id\":\"https:\/\/camoucho.com\/wordpress\/#website\",\"url\":\"https:\/\/camoucho.com\/wordpress\/\",\"name\":\"Camoucho\",\"description\":\"\",\"publisher\":{\"@id\":\"https:\/\/camoucho.com\/wordpress\/#organization\"},\"potentialAction\":[{\"@type\":\"SearchAction\",\"target\":{\"@type\":\"EntryPoint\",\"urlTemplate\":\"https:\/\/camoucho.com\/wordpress\/?s={search_term_string}\"},\"query-input\":{\"@type\":\"PropertyValueSpecification\",\"valueRequired\":true,\"valueName\":\"search_term_string\"}}],\"inLanguage\":\"fr-FR\"},{\"@type\":\"Organization\",\"@id\":\"https:\/\/camoucho.com\/wordpress\/#organization\",\"name\":\"Camoucho\",\"url\":\"https:\/\/camoucho.com\/wordpress\/\",\"logo\":{\"@type\":\"ImageObject\",\"inLanguage\":\"fr-FR\",\"@id\":\"https:\/\/camoucho.com\/wordpress\/#\/schema\/logo\/image\/\",\"url\":\"https:\/\/camoucho.com\/wordpress\/wp-content\/uploads\/2025\/09\/FABRICE_CAMOU_LOGO-removebg-preview.png\",\"contentUrl\":\"https:\/\/camoucho.com\/wordpress\/wp-content\/uploads\/2025\/09\/FABRICE_CAMOU_LOGO-removebg-preview.png\",\"width\":500,\"height\":500,\"caption\":\"Camoucho\"},\"image\":{\"@id\":\"https:\/\/camoucho.com\/wordpress\/#\/schema\/logo\/image\/\"}}]}<\/script>\n<!-- \/ Yoast SEO plugin. -->","yoast_head_json":{"title":"Prise de masse musculaire en forme physique - Camoucho","description":"Atteignez vos objectifs de prise de masse musculaire avec Fabrice Camou, coach personnel en r\u00e9gion bordelaise.","robots":{"index":"index","follow":"follow","max-snippet":"max-snippet:-1","max-image-preview":"max-image-preview:large","max-video-preview":"max-video-preview:-1"},"canonical":"https:\/\/camoucho.com\/wordpress\/prise-de-masse-musculaire-en-forme-physique\/","og_locale":"fr_FR","og_type":"article","og_title":"Prise de masse musculaire en forme physique - Camoucho","og_description":"Atteignez vos objectifs de prise de masse musculaire avec Fabrice Camou, coach personnel en r\u00e9gion bordelaise.","og_url":"https:\/\/camoucho.com\/wordpress\/prise-de-masse-musculaire-en-forme-physique\/","og_site_name":"Camoucho","article_modified_time":"2025-09-14T19:51:18+00:00","twitter_card":"summary_large_image","twitter_misc":{"Dur\u00e9e de lecture estim\u00e9e":"2 minutes"},"schema":{"@context":"https:\/\/schema.org","@graph":[{"@type":"WebPage","@id":"https:\/\/camoucho.com\/wordpress\/prise-de-masse-musculaire-en-forme-physique\/","url":"https:\/\/camoucho.com\/wordpress\/prise-de-masse-musculaire-en-forme-physique\/","name":"Prise de masse musculaire en forme physique - Camoucho","isPartOf":{"@id":"https:\/\/camoucho.com\/wordpress\/#website"},"datePublished":"2025-09-07T20:04:24+00:00","dateModified":"2025-09-14T19:51:18+00:00","description":"Atteignez vos objectifs de prise de masse musculaire avec Fabrice Camou, coach personnel en r\u00e9gion bordelaise.","breadcrumb":{"@id":"https:\/\/camoucho.com\/wordpress\/prise-de-masse-musculaire-en-forme-physique\/#breadcrumb"},"inLanguage":"fr-FR","potentialAction":[{"@type":"ReadAction","target":["https:\/\/camoucho.com\/wordpress\/prise-de-masse-musculaire-en-forme-physique\/"]}]},{"@type":"BreadcrumbList","@id":"https:\/\/camoucho.com\/wordpress\/prise-de-masse-musculaire-en-forme-physique\/#breadcrumb","itemListElement":[{"@type":"ListItem","position":1,"name":"Accueil","item":"https:\/\/camoucho.com\/wordpress\/"},{"@type":"ListItem","position":2,"name":"Prise de masse musculaire en forme physique"}]},{"@type":"WebSite","@id":"https:\/\/camoucho.com\/wordpress\/#website","url":"https:\/\/camoucho.com\/wordpress\/","name":"Camoucho","description":"","publisher":{"@id":"https:\/\/camoucho.com\/wordpress\/#organization"},"potentialAction":[{"@type":"SearchAction","target":{"@type":"EntryPoint","urlTemplate":"https:\/\/camoucho.com\/wordpress\/?s={search_term_string}"},"query-input":{"@type":"PropertyValueSpecification","valueRequired":true,"valueName":"search_term_string"}}],"inLanguage":"fr-FR"},{"@type":"Organization","@id":"https:\/\/camoucho.com\/wordpress\/#organization","name":"Camoucho","url":"https:\/\/camoucho.com\/wordpress\/","logo":{"@type":"ImageObject","inLanguage":"fr-FR","@id":"https:\/\/camoucho.com\/wordpress\/#\/schema\/logo\/image\/","url":"https:\/\/camoucho.com\/wordpress\/wp-content\/uploads\/2025\/09\/FABRICE_CAMOU_LOGO-removebg-preview.png","contentUrl":"https:\/\/camoucho.com\/wordpress\/wp-content\/uploads\/2025\/09\/FABRICE_CAMOU_LOGO-removebg-preview.png","width":500,"height":500,"caption":"Camoucho"},"image":{"@id":"https:\/\/camoucho.com\/wordpress\/#\/schema\/logo\/image\/"}}]}},"_links":{"self":[{"href":"https:\/\/camoucho.com\/wordpress\/wp-json\/wp\/v2\/pages\/329","targetHints":{"allow":["GET"]}}],"collection":[{"href":"https:\/\/camoucho.com\/wordpress\/wp-json\/wp\/v2\/pages"}],"about":[{"href":"https:\/\/camoucho.com\/wordpress\/wp-json\/wp\/v2\/types\/page"}],"author":[{"embeddable":true,"href":"https:\/\/camoucho.com\/wordpress\/wp-json\/wp\/v2\/users\/3"}],"replies":[{"embeddable":true,"href":"https:\/\/camoucho.com\/wordpress\/wp-json\/wp\/v2\/comments?post=329"}],"version-history":[{"count":10,"href":"https:\/\/camoucho.com\/wordpress\/wp-json\/wp\/v2\/pages\/329\/revisions"}],"predecessor-version":[{"id":627,"href":"https:\/\/camoucho.com\/wordpress\/wp-json\/wp\/v2\/pages\/329\/revisions\/627"}],"wp:attachment":[{"href":"https:\/\/camoucho.com\/wordpress\/wp-json\/wp\/v2\/media?parent=329"}],"wp:term":[{"taxonomy":"dipi_cpt_category","embeddable":true,"href":"https:\/\/camoucho.com\/wordpress\/wp-json\/wp\/v2\/dipi_cpt_category?post=329"}],"curies":[{"name":"wp","href":"https:\/\/api.w.org\/{rel}","templated":true}]}}